{"id":222856,"date":"2020-12-04T22:14:25","date_gmt":"2020-12-04T22:14:25","guid":{"rendered":"http:\/\/troisfontaines.info\/?page_id=222856"},"modified":"2020-12-04T22:22:31","modified_gmt":"2020-12-04T22:22:31","slug":"vie-privee","status":"publish","type":"page","link":"https:\/\/troisfontaines.info\/index.php\/vie-privee\/","title":{"rendered":"Vie priv\u00e9e"},"content":{"rendered":"<p>[et_pb_section fb_built=&#8221;1&#8243; _builder_version=&#8221;4.7.4&#8243; _module_preset=&#8221;default&#8221;][et_pb_row _builder_version=&#8221;4.7.4&#8243; _module_preset=&#8221;default&#8221;][et_pb_column type=&#8221;4_4&#8243; _builder_version=&#8221;4.7.4&#8243; _module_preset=&#8221;default&#8221;][et_pb_text _builder_version=&#8221;4.7.4&#8243; _module_preset=&#8221;default&#8221; hover_enabled=&#8221;0&#8243; sticky_enabled=&#8221;0&#8243;]<\/p>\n<h1>Conditions d&#8217;utilisation du site <a href=\"http:\/\/www.troisfontaines.be\">www.troisfontaines.be<\/a><\/h1>\n<h3><\/h3>\n<h3>Respect de la vie priv\u00e9e<\/h3>\n<p>La loi relative \u00e0 la protection de la vie priv\u00e9e \u00e0 l&#8217;\u00e9gard des traitements de donn\u00e9es \u00e0 caract\u00e8re personnel est d&#8217;application. En g\u00e9n\u00e9ral, vous utilisez notre site de mani\u00e8re anonyme. Il vous est possible de nous adresser vos coordonn\u00e9es pour b\u00e9n\u00e9ficier de nos services via le formulaire que vous trouverez sur notre site (Contact). En nous adressant ce formulaire ou un e-mail, vos coordonn\u00e9es seront reprises dans notre propre fichier informatique dans un but strictement commercial et administratif. A aucun moment, nous ne fournissons, de quelque mani\u00e8re que ce soit, vos donn\u00e9es personnelles \u00e0 d&#8217;autres soci\u00e9t\u00e9s ou des tiers.<\/p>\n<p>Conform\u00e9ment \u00e0 la loi belge relative \u00e0 la protection de la vie priv\u00e9e du 8.12.1992, ainsi que son Arr\u00eat\u00e9 Royal d&#8217;ex\u00e9cution du 13 f\u00e9vrier 2001 (entr\u00e9 en application le 1er septembre 2001) vous avez le droit de consulter et de corriger les donn\u00e9es vous concernant. Nous les effacerons sur simple demande.<\/p>\n<p>Toute demande dans ce sens doit \u00eatre adress\u00e9e \u00e0 l&#8217;\u00e9diteur responsable:<\/p>\n<p>TroisFontaines scrl<br \/>Si\u00e8ge social : Rue J. Wettinck B-4101Jemeppe S\/ &#8211; Belgique<br \/>T\u00e9l : +32 2 372 31 00 Fax : +32 2 372 30 92 Email : troisfontaines@skynet.be<br \/>Num\u00e9ro d&#8217;entreprise : BE 0433.106.780<\/p>\n<p>Pas de &#8220;cookies&#8221;<br \/>Ce site fonctionne sans cookies. (Un cookie est un petit fichier que certains sites stockent sur l&#8217;ordinateur de leurs visiteurs pour les identifier lors de visites post\u00e9rieures. Le cookie peut par exemple retenir le nom du visiteur, sa langue, etc.)<\/p>\n<p>&nbsp;<\/p>\n<h3>R\u00e9colte et analyse de statistiques non personnelles<\/h3>\n<p>Comme pour tous les sites Internet, notre serveur recueille de mani\u00e8re automatique des donn\u00e9es non personnelles, telles que la date et l&#8217;heure, le syst\u00e8me d&#8217;exploitation, les mots cl\u00e9s utilis\u00e9s pour nous trouver, etc. Ces statistiques nous servent \u00e0 am\u00e9liorer notre site en l&#8217;adaptant aux besoins des utilisateurs. Ces statistiques ne repr\u00e9sentent donc aucune atteinte \u00e0 votre vie priv\u00e9e.<\/p>\n<p>&nbsp;<\/p>\n<p>[\/et_pb_text][et_pb_text _builder_version=&#8221;4.7.4&#8243; _module_preset=&#8221;default&#8221; link_option_url=&#8221;@ET-DC@eyJkeW5hbWljIjp0cnVlLCJjb250ZW50IjoicG9zdF9saW5rX3VybF9wYWdlIiwic2V0dGluZ3MiOnsicG9zdF9pZCI6IjIyMjc4OCJ9fQ==@&#8221; _dynamic_attributes=&#8221;link_option_url&#8221; hover_enabled=&#8221;0&#8243; sticky_enabled=&#8221;0&#8243;]<\/p>\n<p>Retour au site Web<\/p>\n<p>[\/et_pb_text][\/et_pb_column][\/et_pb_row][\/et_pb_section]<\/p>\n","protected":false},"excerpt":{"rendered":"<p>Conditions d&#8217;utilisation du site www.troisfontaines.be Respect de la vie priv\u00e9e La loi relative \u00e0 la protection de la vie priv\u00e9e \u00e0 l&#8217;\u00e9gard des traitements de donn\u00e9es \u00e0 caract\u00e8re personnel est d&#8217;application. En g\u00e9n\u00e9ral, vous utilisez notre site de mani\u00e8re anonyme. Il vous est possible de nous adresser vos coordonn\u00e9es pour b\u00e9n\u00e9ficier de nos services via [&hellip;]<\/p>\n","protected":false},"author":1,"featured_media":0,"parent":0,"menu_order":0,"comment_status":"closed","ping_status":"closed","template":"","meta":{"_et_pb_use_builder":"on","_et_pb_old_content":"","_et_gb_content_width":"","spay_email":""},"_links":{"self":[{"href":"https:\/\/troisfontaines.info\/index.php\/wp-json\/wp\/v2\/pages\/222856"}],"collection":[{"href":"https:\/\/troisfontaines.info\/index.php\/wp-json\/wp\/v2\/pages"}],"about":[{"href":"https:\/\/troisfontaines.info\/index.php\/wp-json\/wp\/v2\/types\/page"}],"author":[{"embeddable":true,"href":"https:\/\/troisfontaines.info\/index.php\/wp-json\/wp\/v2\/users\/1"}],"replies":[{"embeddable":true,"href":"https:\/\/troisfontaines.info\/index.php\/wp-json\/wp\/v2\/comments?post=222856"}],"version-history":[{"count":4,"href":"https:\/\/troisfontaines.info\/index.php\/wp-json\/wp\/v2\/pages\/222856\/revisions"}],"predecessor-version":[{"id":222875,"href":"https:\/\/troisfontaines.info\/index.php\/wp-json\/wp\/v2\/pages\/222856\/revisions\/222875"}],"wp:attachment":[{"href":"https:\/\/troisfontaines.info\/index.php\/wp-json\/wp\/v2\/media?parent=222856"}],"curies":[{"name":"wp","href":"https:\/\/api.w.org\/{rel}","templated":true}]}}

Vie privée

<p>[et_pb_section fb_built=&#8221;1&#8243; _builder_version=&#8221;4.7.4&#8243; _module_preset=&#8221;default&#8221;][et_pb_row _builder_version=&#8221;4.7.4&#8243; _module_preset=&#8221;default&#8221;][et_pb_column type=&#8221;4_4&#8243; _builder_version=&#8221;4.7.4&#8243; _module_preset=&#8221;default&#8221;][et_pb_text _builder_version=&#8221;4.7.4&#8243; _module_preset=&#8221;default&#8221; hover_enabled=&#8221;0&#8243; sticky_enabled=&#8221;0&#8243;]</p>
<h1>Conditions d&#8217;utilisation du site <a href="http://www.troisfontaines.be">www.troisfontaines.be</a></h1>
<h3></h3>
<h3>Respect de la vie privée</h3>
<p>La loi relative à la protection de la vie privée à l&#8217;égard des traitements de données à caractère personnel est d&#8217;application. En général, vous utilisez notre site de manière anonyme. Il vous est possible de nous adresser vos coordonnées pour bénéficier de nos services via le formulaire que vous trouverez sur notre site (Contact). En nous adressant ce formulaire ou un e-mail, vos coordonnées seront reprises dans notre propre fichier informatique dans un but strictement commercial et administratif. A aucun moment, nous ne fournissons, de quelque manière que ce soit, vos données personnelles à d&#8217;autres sociétés ou des tiers.</p>
<p>Conformément à la loi belge relative à la protection de la vie privée du 8.12.1992, ainsi que son Arrêté Royal d&#8217;exécution du 13 février 2001 (entré en application le 1er septembre 2001) vous avez le droit de consulter et de corriger les données vous concernant. Nous les effacerons sur simple demande.</p>
<p>Toute demande dans ce sens doit être adressée à l&#8217;éditeur responsable:</p>
<p>TroisFontaines scrl<br />Siège social : Rue J. Wettinck B-4101Jemeppe S/ &#8211; Belgique<br />Tél : +32 2 372 31 00 Fax : +32 2 372 30 92 Email : troisfontaines@skynet.be<br />Numéro d&#8217;entreprise : BE 0433.106.780</p>
<p>Pas de &#8220;cookies&#8221;<br />Ce site fonctionne sans cookies. (Un cookie est un petit fichier que certains sites stockent sur l&#8217;ordinateur de leurs visiteurs pour les identifier lors de visites postérieures. Le cookie peut par exemple retenir le nom du visiteur, sa langue, etc.)</p>
<p>&nbsp;</p>
<h3>Récolte et analyse de statistiques non personnelles</h3>
<p>Comme pour tous les sites Internet, notre serveur recueille de manière automatique des données non personnelles, telles que la date et l&#8217;heure, le système d&#8217;exploitation, les mots clés utilisés pour nous trouver, etc. Ces statistiques nous servent à améliorer notre site en l&#8217;adaptant aux besoins des utilisateurs. Ces statistiques ne représentent donc aucune atteinte à votre vie privée.</p>
<p>&nbsp;</p>
<p>[/et_pb_text][et_pb_text _builder_version=&#8221;4.7.4&#8243; _module_preset=&#8221;default&#8221; link_option_url=&#8221;@ET-DC@eyJkeW5hbWljIjp0cnVlLCJjb250ZW50IjoicG9zdF9saW5rX3VybF9wYWdlIiwic2V0dGluZ3MiOnsicG9zdF9pZCI6IjIyMjc4OCJ9fQ==@&#8221; _dynamic_attributes=&#8221;link_option_url&#8221; hover_enabled=&#8221;0&#8243; sticky_enabled=&#8221;0&#8243;]</p>
<p>Retour au site Web</p>
<p>[/et_pb_text][/et_pb_column][/et_pb_row][/et_pb_section]</p>

<p>Conditions d&#8217;utilisation du site www.troisfontaines.be Respect de la vie privée La loi relative à la protection de la vie privée à l&#8217;égard des traitements de données à caractère personnel est d&#8217;application. En général, vous utilisez notre site de manière anonyme. Il vous est possible de nous adresser vos coordonnées pour bénéficier de nos services via [&hellip;]</p>
